5937
What are the prime factors of 32288190?
2, 3, 5, 11, 97843
What are the prime factors of 5372406343?
181, 1289, 23027
What are the prime factors of 198574516?
2, 7, 43, 131, 1259
What are the prime factors of 2066488662?
2, 3, 7, 7028873
List the prime factors of 2662590326.
2, 11, 47, 1123, 2293
What are the prime factors of 71448552?
2, 3, 7, 17, 31, 269
List the prime factors of 30947040.
2, 3, 5, 21491
What are the prime factors of 733272789?
3, 244424263
What are the prime factors of 1439764524?
2, 3, 11, 1211923
List the prime factors of 28655683.
7, 29, 141161
What are the prime factors of 2341813261?
919, 2548219
List the prime factors of 1652401147.
41, 113, 8699
What are the prime factors of 1234658417?
73, 683, 24763
List the prime factors of 203108323.
11, 18464393
List the prime factors of 120884856.
2, 3, 5036869
What are the prime factors of 758074258?
2, 379037129
What are the prime factors of 44591887?
41, 647
What are the prime factors of 898904395?
5, 3041, 59119
List the prime factors of 79534585.
5, 13, 17, 167, 431
What are the prime factors of 440022744?
2, 3, 7, 191, 653
What are the prime factors of 2716778634?
2, 3, 349, 1297411
List the prime factors of 484199596.
2, 121049899
What are the prime factors of 196357511?
7, 2531, 11083
List the prime factors of 212517697.
7, 17, 71, 25153
What are the prime factors of 68027695?
5, 19, 113, 6337
List the prime factors of 1422992520.
2, 3, 5, 23, 89, 1931
What are the prime factors of 59099364?
2, 3, 109, 15061
What are the prime factors of 1271788977?
3, 17789, 23831
What are the prime factors of 317144131?
37, 1811, 4733
List the prime factors of 126984092.
2, 31746023
What are the prime factors of 352064214?
2, 3, 2129, 9187
List the prime factors of 379698180.
2, 3, 5, 181, 34963
List the prime factors of 1237479082.
2, 7, 19, 499, 9323
List the prime factors of 104182930.
2, 5, 10418293
What are the prime factors of 36040536?
2, 3, 7, 43, 1663
List the prime factors of 3305486218.
2, 47, 953, 36899
What are the prime factors of 4257933609?
3, 173, 8204111
List the prime factors of 2305680466.
2, 199, 271, 21377
List the prime factors of 360201299.
360201299
What are the prime factors of 318735564?
2, 3, 7, 19, 23, 457
List the prime factors of 16357909.
16357909
What are the prime factors of 4404989467?
587, 7504241
What are the prime factors of 70235518?
2, 337, 104207
List the prime factors of 2570726469.
3, 53, 16168091
List the prime factors of 26940450.
2, 3, 5, 179603
List the prime factors of 3224873031.
3, 61, 17622257
What are the prime factors of 73518800?
2, 5, 183797
What are the prime factors of 212585427?
3, 61, 127, 3049
List the prime factors of 161679375.
3, 5, 11, 13, 67
List the prime factors of 1494635116.
2, 13, 31, 83, 11171
List the prime factors of 132269174.
2, 29, 2280503
What are the prime factors of 70614000?
2, 3, 5, 3923
What are the prime factors of 57137694?
2, 3, 37, 163, 1579
List the prime factors of 40038074.
2, 43, 89, 5231
List the prime factors of 40756726.
2, 191, 106693
What are the prime factors of 122737570?
2, 5, 29, 423233
List the prime factors of 1607006333.
1607006333
List the prime factors of 7046417.
7, 283, 3557
List the prime factors of 34369886.
2, 17, 31, 32609
List the prime factors of 1026271662.
2, 3, 13, 19, 29, 23879
List the prime factors of 207085058.
2, 17, 6090737
List the prime factors of 437697903.
3, 43, 53, 64019
What are the prime factors of 81476840?
2, 5, 41, 49681
What are the prime factors of 137076004?
2, 13, 2636077
List the prime factors of 1655624721.
3, 337, 1637611
List the prime factors of 6775950.
2, 3, 5, 199, 227
What are the prime factors of 1733204688?
2, 3, 36108431
What are the prime factors of 103247671?
139, 742789
List the prime factors of 841767468.
2, 3, 3631, 19319
List the prime factors of 40483203.
3, 13494401
List the prime factors of 359349216.
2, 3, 47, 73, 1091
List the prime factors of 829884297.
3, 11, 773, 32533
List the prime factors of 650702192.
2, 7, 457, 12713
What are the prime factors of 2263798214?
2, 1131899107
List the prime factors of 5705160.
2, 3, 5, 47543
List the prime factors of 21646574.
2, 937, 11551
What are the prime factors of 58693825?
5, 29, 73, 1109
What are the prime factors of 9759466?
2, 4879733
List the prime factors of 144395656.
2, 23, 47, 59, 283
What are the prime factors of 82120027?
11, 241, 30977
List the prime factors of 34524615.
3, 5, 19, 121139
List the prime factors of 2392120007.
19, 97, 859, 1511
What are the prime factors of 4168862?
2, 61, 34171
What are the prime factors of 101733990?
2, 3, 5, 3391133
What are the prime factors of 19064176?
2, 37, 32203
List the prime factors of 7538823.
3, 797, 1051
List the prime factors of 96556326.
2, 3, 16092721
List the prime factors of 92053000.
2, 5, 13, 73, 97
What are the prime factors of 29737551?
3, 23, 430979
List the prime factors of 35267176.
2, 7, 73, 8627
What are the prime factors of 32881354?
2, 11, 1494607
What are the prime factors of 55344727?
55344727
What are the prime factors of 230348402?
2, 17, 6774953
List the prime factors of 4087668506.
2, 103, 2267, 8753
List the prime factors of 35053847.
17, 59, 34949
List the prime factors of 55410565.
5, 7, 17, 23, 4049
What are the prime factors of 83469128?
2, 19, 549139
List the prime factors of 317946173.
317946173
What are the prime factors of 4829146889?
7, 689878127
What are the prime factors of 3251534997?
3, 1083844999
What are the prime factors of 11653767?
3, 431621
What are the prime factors of 3910088722?
2, 1955044361
What are the prime factors of 2875184064?
2, 3, 383, 13033
List the prime factors of 43939408.
2, 29, 281, 337
What are the prime factors of 71912019?
3, 149, 160877
What are the prime factors of 431343?
3, 11, 4357
What are the prime factors of 261680411?
261680411
List the prime factors of 981538805.
5, 13, 283, 53359
What are the prime factors of 6539912?
2, 23, 35543
What are the prime factors of 85708921?
85708921
List the prime factors of 199925775.
3, 5, 7, 23, 5519
List the prime factors of 25264739.
25264739
List the prime factors of 27112421.
7, 67, 57809
List the prime factors of 171148283.
171148283
List the prime factors of 34932841.
17, 2054873
What are the prime factors of 6358578036?
2, 3, 529881503
What are the prime factors of 2483728575?
3, 5, 3359, 9859
What are the prime factors of 85949101?
7, 12278443
List the prime factors of 34778981.
34778981
What are the prime factors of 2414828758?
2, 73, 113, 197, 743
List the prime factors of 91785321.
3, 71, 239, 601
List the prime factors of 92021857.
31, 2968447
List the prime factors of 57521976.
2, 3, 37, 211, 307
List the prime factors of 88259601.
3, 5279, 5573
List the prime factors of 126485827.
13, 9729679
List the prime factors of 107855762.
2, 7, 1100569
List the prime factors of 36705790.
2, 5, 11, 113, 2953
List the prime factors of 5008416.
2, 3, 7, 29, 257
What are the prime factors of 19721697?
3, 41, 109, 1471
List the prime factors of 140530378.
2, 31, 2266619
List the prime factors of 18530695.
5, 3706139
List the prime factors of 3338575975.
5, 7, 19, 821, 1223
What are the prime factors of 3012282448?
2, 7, 3842197
List the prime factors of 27952700.
2, 5, 31, 71, 127
What are the prime factors of 2120516827?
11, 13, 3209, 4621
List the prime factors of 50719016.
2, 43, 47, 3137
List the prime factors of 563374031.
11, 523, 97927
List the prime factors of 884095284.
2, 3, 67, 1099621
List the prime factors of 69199695.
3, 5, 1537771
List the prime factors of 4935659562.
2, 3, 23, 1699, 2339
What are the prime factors of 4202398460?
2, 5, 13, 1693, 9547
What are the prime factors of 1257009797?
1257009797
List the prime factors of 10241157.
3, 17, 200807
List the prime factors of 1265602383.
3, 17, 486583
List the prime factors of 1825833269.
13, 17, 8261689
What are the prime factors of 102627640?
2, 5, 17, 37, 4079
List the prime factors of 958266568.
2, 7, 61, 163, 1721
List the prime factors of 612394189.
11, 29, 61, 2861
What are the prime factors of 1765934100?
2, 3, 5, 7, 19, 14753
List the prime factors of 42853817.
42853817
List the prime factors of 336541542.
2, 3, 56090257
List the prime fact